the remainder when 9654 is divided by 241.
14
What is the remainder when 41528 is divided by 119?
116
Calculate the remainder when 6208 is divided by 89.
67
Calculate the remainder when 34977 is divided by 186.
9
What is the remainder when 2545 is divided by 848?
1
Calculate the remainder when 674289 is divided by 10.
9
Calculate the remainder when 12149 is divided by 217.
214
Calculate the remainder when 301319 is divided by 310.
309
Calculate the remainder when 25759 is divided by 452.
447
Calculate the remainder when 264417 is divided by 78.
75
What is the remainder when 35051 is divided by 17525?
1
What is the remainder when 16015 is divided by 14?
13
What is the remainder when 1488 is divided by 915?
573
What is the remainder when 25734 is divided by 12863?
8
What is the remainder when 1647 is divided by 1563?
84
Calculate the remainder when 611379 is divided by 519.
516
Calculate the remainder when 8921 is divided by 694.
593
What is the remainder when 1837125 is divided by 367423?
10
What is the remainder when 2107 is divided by 434?
371
What is the remainder when 4531 is divided by 565?
11
What is the remainder when 926 is divided by 57?
14
What is the remainder when 28866 is divided by 180?
66
What is the remainder when 21957 is divided by 83?
45
What is the remainder when 46303 is divided by 441?
439
What is the remainder when 370428 is divided by 105?
93
What is the remainder when 73638 is divided by 51?
45
Calculate the remainder when 52293 is divided by 17431.
0
What is the remainder when 2919 is divided by 673?
227
Calculate the remainder when 1424 is divided by 141.
14
Calculate the remainder when 13905 is divided by 399.
339
What is the remainder when 4856 is divided by 674?
138
What is the remainder when 3908 is divided by 3843?
65
What is the remainder when 2049 is divided by 57?
54
What is the remainder when 1628 is divided by 12?
8
What is the remainder when 664850 is divided by 420?
410
What is the remainder when 16697 is divided by 121?
120
Calculate the remainder when 3152015 is divided by 28.
27
What is the remainder when 681259 is divided by 102?
1
Calculate the remainder when 7356291 is divided by 99.
96
Calculate the remainder when 16619 is divided by 253.
174
Calculate the remainder when 388542 is divided by 586.
24
Calculate the remainder when 1705 is divided by 742.
221
What is the remainder when 4609 is divided by 125?
109
What is the remainder when 3938 is divided by 1286?
80
What is the remainder when 461 is divided by 7?
6
What is the remainder when 827 is divided by 376?
75
What is the remainder when 1206 is divided by 456?
294
Calculate the remainder when 56678 is divided by 148.
142
What is the remainder when 268 is divided by 233?
35
Calculate the remainder when 392 is divided by 197.
195
What is the remainder when 88876 is divided by 44422?
32
Calculate the remainder when 1283208 is divided by 186.
180
Calculate the remainder when 40300 is divided by 11.
7
What is the remainder when 70699 is divided by 1683?
13
Calculate the remainder when 13231 is divided by 881.
16
What is the remainder when 9397 is divided by 683?
518
What is the remainder when 135968 is divided by 47?
44
Calculate the remainder when 172597 is divided by 86286.
25
Calculate the remainder when 5594 is divided by 125.
94
What is the remainder when 8078 is divided by 1164?
1094
Calculate the remainder when 7733 is divided by 13.
11
What is the remainder when 3471 is divided by 496?
495
What is the remainder when 38671 is divided by 921?
910
Calculate the remainder when 102491 is divided by 77.
4
What is the remainder when 1893 is divided by 605?
78
What is the remainder when 71482 is divided by 49?
40
Calculate the remainder when 5534 is divided by 125.
34
Calculate the remainder when 210579 is divided by 71.
64
Calculate the remainder when 171007 is divided by 28499.
13
Calculate the remainder when 16603 is divided by 552.
43
What is the remainder when 30410 is divided by 2332?
94
What is the remainder when 85768 is divided by 12?
4
Calculate the remainder when 4802 is divided by 4779.
23
What is the remainder when 36087 is divided by 392?
23
Calculate the remainder when 318032 is divided by 52.
0
What is the remainder when 2665 is divided by 583?
333
What is the remainder when 28388 is divided by 1350?
38
Calculate the remainder when 15292 is divided by 138.
112
What is the remainder when 5170 is divided by 1017?
85
What is the remainder when 139430 is divided by 81?
29
Calculate the remainder when 11711 is divided by 139.
35
What is the remainder when 92303 is divided by 23028?
191
What is the remainder when 5990 is divided by 81?
77
Calculate the remainder when 5517 is divided by 69.
66
What is the remainder when 2950483 is divided by 327831?
4
Calculate the remainder when 9472 is divided by 9454.
18
Calculate the remainder when 18754 is divided by 6236.
46
What is the remainder when 5379 is divided by 549?
438
Calculate the remainder when 16998 is divided by 159.
144
What is the remainder when 1551 is divided by 86?
3
What is the remainder when 72075 is divided by 157?
12
Calculate the remainder when 1927 is divided by 950.
27
What is the remainder when 38177 is divided by 5?
2
Calculate the remainder when 13648497 is divided by 1620.
1617
Calculate the remainder when 92668 is divided by 304.
252
What is the remainder when 6344 is divided by 163?
150
What is the remainder when 10468 is divided by 527?
455
Calculate the remainder when 6890 is divided by 485.
100
Calculate the remainder when 209770 is divided by 1389.
31
Calculate the remainder when 1171773 is divided by 64.
61
What is the remainder when 10365 is divided by 8?
5
What is the remainder when 1047 is divided by 202?
37
Calculate the remainder when 2311 is divided by 130.
101
What is the remainder when 375190 is divided by 24?
22
Calculate the remainder when 290991 is divided by 194.
185
What is the remainder when 117027 is divided by 69?
3
Calculate the remainder when 1421 is divided by 897.
524
Calculate the remainder when 393571 is divided by 614.
611
Calculate the remainder when 3713 is divided by 468.
437
What is the remainder when 541 is divided by 525?
16
Calculate the remainder when 55690 is divided by 26.
24
Calculate the remainder when 292786 is divided by 218.
12
What is the remainder when 3487416 is divided by 727?
724
Calculate the remainder when 2164 is divided by 528.
52
Calculate the remainder when 99791 is divided by 12.
11
Calculate the remainder when 12710 is divided by 4.
2
Calculate the remainder when 845 is divided by 142.
135
Calculate the remainder when 173148 is divided by 16.
12
Calculate the remainder when 1442 is divided by 336.
98
Calculate the remainder when 8154 is divided by 7.
6
Calculate the remainder when 1297 is divided by 688.
609
Calculate the remainder when 57787 is divided by 650.
587
Calculate the remainder when 1183 is divided by 569.
45
Calculate the remainder when 2412725 is divided by 326.
325
What is the remainder when 215 is divided by 70?
5
Calculate the remainder when 36167 is divided by 6026.
11
What is the remainder when 73028 is divided by 24335?
23
Calculate the remainder when 10535 is divided by 224.
7
Calculate the remainder when 2964 is divided by 55.
49
What is the remainder when 1312 is divided by 47?
43
Calculate the remainder when 660726 is divided by 2343.
0
Calculate the remainder when 992 is divided by 83.
79
What is the remainder when 5596 is divided by 178?
78
What is the remainder when 31528 is divided by 801?
289
Calculate the remainder when 20260 is divided by 17.
13
Calculate the remainder when 10989 is divided by 244.
9
What is the remainder when 5589 is divided by 214?
25
Calculate the remainder when 51283 is divided by 10.
3
Calculate the remainder when 3480 is divided by 521.
354
What is the remainder when 73199 is divided by 1061?
1051
Calculate the remainder when 5313188 is divided by 41.
39
Calculate the remainder when 1480 is divided by 22.
6
Calculate the remainder when 1101044 is divided by 950.
944
What is the remainder when 787 is divided by 777?
10
Calculate the remainder when 1793 is divided by 446.
9
What is the remainder when 12474 is divided by 385?
154
Calculate the remainder when 10